 + 0).
409
Let x be 14/(-49) - 163/(-7). Suppose 0 = -x*v + 24*v - 91. What are the prime factors of v?
7, 13
Suppose 21 + 224 = 5*n. Let r = n - 10. What are the prime factors of r?
3, 13
Suppose 0 = 2*o - 4, 9 = 5*u - 0*u + 2*o. Let h be 6/(-9)*-3 + u. Suppose -2*a + v + 27 = h, 12 = 2*a - 4*v. List the prime factors of a.
2, 7
Let k(p) = 8*p - 29. Let d be k(-4). Let m = d - -194. What are the prime factors of m?
7, 19
Let y = 1710 - 1270. List the prime factors of y.
2, 5, 11
Let n(c) = -c - 3. Let f = -29 + 21. Let p be n(f). Let h = p - -32. What are the prime factors of h?
37
Let b(l) = 4*l**3. Let s be b(-1). Let g(w) = 5*w**3 + 7*w**2 - 1. Let x(t) = 4*t**3 + 6*t**2 - 1. Let i(k) = s*x(k) + 3*g(k). List the prime factors of i(-4).
17
What are the prime factors of 14*(-4 - -394*(-6)/(-24))?
3, 7
Suppose -5*o - a = 3*a - 49, a - 1 = 0. List the prime factors of (o*(-9)/27)/((-3)/2).
2
List the prime factors of 2/12*2 - (-2521064)/1092.
2309
Suppose 5*r - 329 = -34. List the prime factors of r.
59
Suppose -4*u - 14 = -6*u. Suppose 3*w = -2*a - u, -3*w - 3*a - 7 = -2*w. What are the prime factors of -1*14*w - -2?
2
Suppose 0 = r + 3*m + 12, r + 2*r + 11 = -4*m. Suppose -33 = -r*a + 150. What are the prime factors of a?
61
Suppose 69220 = 24*a - 14660. What are the prime factors of a?
3, 5, 233
Suppose 15 = l - 62. Let i = l - 23. What are the prime factors of i?
2, 3
Let q(v) = 4*v**2 + 42*v - 144. What are the prime factors of q(-32)?
2, 163
Let t = 77 + -46. Let w = 33 - t. Suppose 1 + 73 = w*m. List the prime factors of m.
37
Suppose 2*h + 2*f = 2 - 16, -4*f = 2*h + 16. Let u be (h/4)/((-7)/98). Suppose -u = 2*l - 3*l. What are the prime factors of l?
3, 7
Let m(b) = b**3 + 2*b**2 + 5*b**2 + 2*b - b. What are the prime factors of m(-5)?
3, 5
Let f(c) be the first derivative of 0*c + 1/4*c**4 - 2 - c**2 + 7/3*c**3. What are the prime factors of f(-7)?
2, 7
Suppose 4*b - 216 = 3888. What are the prime factors of b?
2, 3, 19
Let s = 21 + -20. Let f be (s/1)/((-2)/76). Let g = -19 - f. List the prime factors of g.
19
Suppose -4*m - 2*m = -570. Suppose 0 = 3*g + s - m, -2*s + 113 = 5*g - 46. List the prime factors of g.
31
Suppose 0 = -11*f + 8*f + 84. Let k be (-26)/(-10) + (-8)/(-20). Suppose 0 = -k*s + 113 + f. List the prime factors of s.
47
Suppose 4*p - 6*k = -k - 44, -5*p + 3*k - 42 = 0. Let f = -11 - p. What are the prime factors of f/1*(-27)/5?
3
Let y = 3006 + -1855. List the prime factors of y.
1151
Suppose 790 + 1388 = 6*n. List the prime factors of n.
3, 11
Let w = -421 + 709. Let v = -15 + w. List the prime factors of v.
3, 7, 13
Let z(h) = 25*h**2 - 37*h + 12. List the prime factors of z(-10).
2, 11, 131
Suppose 3*a - 155 = 37. Suppose 10*p - 8*p = a. Suppose 0*y + p = y. List the prime factors of y.
2
Suppose -4*n - 3 - 13 = 0. List the prime factors of ((-12)/18)/(n/(806 + -2)).
2, 67
Let d(b) = -b**3 + 5*b**2 + 4*b. Let t be d(4). Suppose -5*o = p - 16, -p = 4*o - 5*p - t. What are the prime factors of o?
2
Let k(i) = 3*i + 1. Let m be k(3). Let f be (-2172)/(-30) - 4/m. What are the prime factors of -3 - (-5)/(15/f)?
3, 7
Let w = 7 + -4. Let y be (-3)/(-9) - (-14)/w. Suppose -5*q = -y*g - q + 215, 3*g - 4*q = 137. List the prime factors of g.
3, 13
Suppose -1 + 19 = -2*g. Let y = g - -38. Suppose -4*m + y = -71. List the prime factors of m.
5
Let b(o) = -2*o**3 - 47*o**2 - 8*o + 106. What are the prime factors of b(-25)?
3, 727
Let k(h) = -4*h + 4. Let u be (44/33)/(1/(-3)). Let g be u + (2 + -1 - 1). List the prime factors of k(g).
2, 5
Let t = 3758 - 1885. List the prime factors of t.
1873
Suppose 2*p - 5*p = -2409. What are the prime factors of p?
11, 73
What are the prime factors of (-76)/(-10)*6/36*15?
19
List the prime factors of ((-8502)/(-52))/(9/102).
17, 109
Let q = 40 - 47. Let a(c) = c + 4. Let l be a(5). Let t = l + q. What are the prime factors of t?
2
Let y(u) = -47 - u**3 - 9*u**2 + 0*u**3 - 59 + 125. Let b(c) = -c**2 - c + 3. Let z be b(3). What are the prime factors of y(z)?
19
Let z be (1 - 4/3)*(-53 - -26). Let x(n) = n**3 - 8*n**2 - 6*n - 3. List the prime factors of x(z).
2, 3
Let g be (-30)/(-4)*(-2)/3. Let u = -19 - -17. List the prime factors of g/(u*2/4).
5
Let j(o) = -3*o**3 - 5*o**2 - 4*o + 6. Suppose 6 = -3*p - 3*r, -6 = 5*p + 4*r + 6. List the prime factors of j(p).
2, 67
Let c be (232 + -4)/((-6)/(-21)). Suppose 177 - c = -9*k. What are the prime factors of k?
3, 23
Let r(g) = g**2 - 7*g - 5. Let b be r(-4). Suppose 4*p + 5*n + 99 + b = 0, 2*p - n = -62. Let f = p - -53. List the prime factors of f.
3, 7
Let j = 1357 - 212. What are the prime factors of j?
5, 229
Suppose 0 = 4*k, k + 20 = 5*s - k. Let v = 89 + 1. Suppose -s*p + v = -p. What are the prime factors of p?
2, 3, 5
Let g(b) = b**2 - 9*b - 37. What are the prime factors of g(14)?
3, 11
Let c = -88 - -39. Let j = 153 + c. What are the prime factors of j?
2, 13
Let m be 146 + -3*6/9. Suppose -2*b - 3*d + m = -115, 529 = 4*b - 5*d. List the prime factors of b.
131
Let n(s) = 3*s**2 - 19*s - 63. Let x be n(-6). Let z = -48 + x. What are the prime factors of z?
3, 37
Let w(i) = 3*i**2 + 5*i + 6. Suppose 3*l = -2*l - 10. List the prime factors of w(l).
2
Let k(l) be the third derivative of l**6/120 + 14*l**3/3 + 2*l**2. Suppose a - 4*a = 0. What are the prime factors of k(a)?
2, 7
Suppose -208*i + 252 = -199*i. List the prime factors of i.
2, 7
Let t = 472 - 231. List the prime factors of t.
241
Suppose 0 = f + 4*f - 10. Suppose -3*a = -f*u - 11, 2*a + 2 - 8 = 2*u. Let b = a + 0. What are the prime factors of b?
5
Let l = -33 - -31. What are the prime factors of 47*(-3 + 2 - l)?
47
Suppose 87 = 7*z - 67. Suppose -2*g = z - 66. List the prime factors of g.
2, 11
List the prime factors of 153/(-34)*-406*1/3.
3, 7, 29
Suppose -348*w = -370*w + 19074. List the prime factors of w.
3, 17
Suppose 0 = -4*c + 330 + 278. Suppose 18*w - 10*w - c = 0. What are the prime factors of w?
19
Let l be (-27)/(-6) - (-6)/12. Suppose 0 = 4*p - l - 11. Suppose -8*m = -p*m - 60. What are the prime factors of m?
3, 5
Suppose -2*h + h + 2*j = -6, -2*j = h - 2. Suppose -h*k = -5*k + 49. Suppose -5*l + 67 + k = 2*n, 290 = 5*n + 2*l. List the prime factors of n.
2, 29
Let t be 98/42 - (-2)/3. Suppose 0 = -t*i + 445 + 290. Suppose -4*x = 3*k - 133, -2*k = -7*k - 2*x + i. What are the prime factors of k?
3, 17
Suppose -p = 4*p - 30. Let h(m) = 3*m**3 - 22*m**2 + 52. Let r be h(7). List the prime factors of (-3)/p*-28 - r.
11
Suppose 2*k + 5*w - 29 = 0, 0 = 2*k + 4*w - 30 - 2. Let v = -33 + k. Let o = -5 - v. List the prime factors of o.
2, 3
Suppose 4*k + 2*k - 78 = 0. Suppose -k*a + 64 = -9*a. What are the prime factors of a?
2
Suppose -2*k + 346 = y, -3*y - 17*k + 16*k + 1063 = 0. What are the prime factors of y?
2, 89
Suppose 0 = -d - c + 6, 11 = 4*d - d - 4*c. Suppose -2*y - 5*t = -t - 10, 0 = d*y - t - 14. List the prime factors of y.
3
Let q be (1 + -5)*28/112. Let k be (-10)/(-2)*(-2)/5. List the prime factors of 62 + q + 2/k.
2, 3, 5
Let r(y) = y**2 - 3*y - 6. Let h be r(5). Let o(l) = -1 + 15 + 7*l - 2*l - 12. What are the prime factors of o(h)?
2, 11
Suppose 0 = 5*z - f - 1977 + 832, -3*f = z - 229. List the prime factors of z.
229
Suppose d - 210 = 153. What are the prime factors of d?
3, 11
Let h = -698 - -1178. List the prime factors of h.
2, 3, 5
Let d(x) = -x. Let q be d(1). What are the prime factors of q*(-3165)/25 + 4/10?
127
Let d = 385 + -109. Let z = d - 182. List the prime factors of z.
2, 47
Let f = 18 + -14. Let b be (-8)/(-32) + (-1)/f. Suppose 2*n = 10, -5*n = 3*z - b*n - 94. What are the prime factors of z?
23
List the prime factors of 0*(-3)/(-6) - (-4 - 91).
5, 19
Let o = 10 - 16. Let n(k) = -k**3 - 5*k**2 + 8*k + 8. Let h be n(o). What are the prime factors of ((-12)/18)/(h/30)?
5
What are the prime factors of (210/50)/((-1)/(-95))?
3, 7, 19
Suppose -5*s + 3752 = 3*m - 3*s, 2*m + 2*s = 2502. What are the prime factors of m?
2, 5
Suppose -2*c = -5*b + 56, -2*b + b = 4*c + 2. Let i be 1 + b + (0 - 3). List the prime factors of 146/i + 2/(-8).
2, 3
Let t(x) = -363*x - 150. List the prime factors of t(-7).
3, 797
Let a(o) = o**2 - 6*o - 7. Let j be a(5). Let t(u) = -11*u - 6. What are the prime factors of t(j)?
2, 3, 7
Suppose 0 = -f - 